ase 4) to base 10.
162656
74705 (base 8) to base 4
13213011
Convert 16121 (base 11) to base 9.
34211
What is 10020102020 (base 3) in base 6?
1211010
Convert -528156 (base 14) to base 11.
-1634886
What is c24850 (base 14) in base 5?
3133341314
What is 311770 (base 10) in base 5?
34434040
Convert -10200102 (base 7) to base 2.
-11010001010001111000
Convert 1104336 (base 10) to base 3.
2002002212100
Convert -1517 (base 12) to base 16.
-9a3
1011011101010110010 (base 2) to base 5
44003344
What is -134273 (base 10) in base 11?
-91977
Convert 416457 (base 9) to base 11.
159a57
What is 4499423 (base 10) in base 15?
5dd268
Convert 12243454 (base 6) to base 14.
a3c4a
What is 222224432 (base 5) in base 6?
32534311
What is -12493 (base 11) in base 16?
-45e1
-a164 (base 14) to base 13
-c808
Convert -1233352 (base 7) to base 9.
-263031
Convert -12038c0 (base 13) to base 6.
-315313422
1100403243 (base 5) to base 7
26013561
What is -281917 (base 11) in base 14?
-b6d5a
Convert 303345 (base 14) to base 10.
1622353
What is -2080932 (base 10) in base 15?
-2b188c
Convert 305c (base 15) to base 14.
3a16
What is 5d806 (base 14) in base 12?
b0866
61764 (base 12) to base 7
1036633
What is -ead4 (base 15) in base 8?
-141043
What is -1720622 (base 10) in base 8?
-6440456
Convert 12121032103 (base 4) to base 5.
412114204
Convert 222504 (base 8) to base 11.
51451
What is -477165 (base 8) in base 12?
-7a705
What is a47291 (base 11) in base 13?
46a144
What is 1154020 (base 6) in base 13?
2217c
What is -11957e (base 15) in base 14?
-17c9d9
What is 23021033 (base 4) in base 12?
224bb
What is -532bd (base 14) in base 15?
-3e7b6
Convert -4234545 (base 6) to base 12.
-9ba55
What is -242c34 (base 14) in base 7?
-13341664
Convert -16721164 (base 9) to base 15.
-b0d89d
-6119ca (base 13) to base 4
-20213303223
1221423 (base 6) to base 3
10022101220
Convert 9c76d (base 14) to base 2.
1011100110011101101
-2542566 (base 8) to base 14
-145382
Convert -157a0a (base 11) to base 16.
-3bc39
What is 324166 (base 8) in base 16?
1a876
What is 8306 (base 13) in base 6?
215425
-e22ce9 (base 16) to base 6
-1245411145
13022201102 (base 4) to base 2
111001010100001010010
Convert -2066032 (base 12) to base 10.
-6106790
Convert 9d56f (base 16) to base 6.
21451343
-411216 (base 8) to base 5
-13321242
Convert -1b5ae (base 16) to base 6.
-2222422
Convert 5a570 (base 12) to base 11.
83535
What is 1c4c3d (base 14) in base 16?
f71e7
Convert -d54f (base 16) to base 13.
-1bb17
What is -434224 (base 7) in base 12?
-37b27
Convert -101001101001111110 (base 2) to base 16.
-29a7e
What is 62040351 (base 7) in base 15?
6c6a63
-2050022 (base 6) to base 7
-563660
839511 (base 11) to base 12
54a393
What is 50004 (base 14) in base 10?
192084
What is -2000210110112 (base 3) in base 15?
-16486e
Convert 10522553 (base 6) to base 7.
2510634
What is -312342312 (base 5) in base 15?
-1a83a7
6e2ac (base 15) to base 10
351612
-a1a58 (base 14) to base 10
-388942
-10200011000022 (base 3) to base 8
-7343465
Convert 101011011101100110 (base 2) to base 9.
301172
146460 (base 10) to base 9
242813
What is 121125 (base 13) in base 3?
210212222000
4780143 (base 9) to base 12
a4ba03
What is -1132121100 (base 4) in base 13?
-106ca7
121459 (base 11) to base 16
2eed4
-1283910 (base 11) to base 14
-419776
-3754352 (base 11) to base 6
-351433433
-1033310321 (base 4) to base 9
-547458
Convert 35225222 (base 6) to base 10.
1092398
What is 2235421 (base 6) in base 14?
2d781
696964 (base 16) to base 14
cbb832
What is 901f (base 16) in base 2?
1001000000011111
64631443 (base 7) to base 3
101101110122211
What is -b2a168 (base 12) in base 7?
-32523656
What is -54513600 (base 7) in base 9?
-8716323
Convert 1103203201 (base 4) to base 3.
122101110121
165642 (base 8) to base 7
340603
-4874678 (base 9) to base 6
-132425112
What is 303b6 (base 13) in base 3?
11101102202
101231013223 (base 4) to base 6
243251151
What is 535211a (base 11) in base 6?
533501023
-11241212011 (base 5) to base 6
-1135034252
44313540 (base 6) to base 7
14214633
Convert 17a46 (base 16) to base 15.
1da5d
Convert 2200211120010 (base 3) to base 10.
1433622
2d8a04 (base 14) to base 11
9a2371
What is -cb740c (base 15) in base 3?
-200020111112210
Convert 10400212 (base 5) to base 13.
32377
What is -8e0c (base 15) in base 6?
-351350
Convert -107630 (base 9) to base 2.
-1111110010011001
Convert a18a9 (base 15) to base 8.
1747140
What is 10312202 (base 5) in base 14?
24323
What is -4472a (base 12) in base 5?
-10402043
What is 464d9 (base 15) in base 3?
102101001220
-16025255 (base 7) to base 12
-620b38
Convert 3105763 (base 8) to base 10.
822259
Convert -955d5f (base 16) to base 11.
-558649a
Convert -301133123 (base 5) to base 10.
-1192913
What is -422545233 (base 6) in base 3?
-111221211001110
What is -501245412 (base 6) in base 3?
-120221011010122
10123101231 (base 4) to base 13
31818c
Convert -12001011111 (base 3) to base 4.
-120033001
What is -70246 (base 13) in base 16?
-30e83
What is 58314 (base 14) in base 2?
110100011001101110
-111010011000001110100 (base 2) to base 11
-1097254
Convert -1000013103132 (base 4) to base 12.
-5766426
Convert 10625442 (base 7) to base 15.
135d53
Convert 106944a (base 11) to base 5.
434400144
What is -11430342 (base 5) in base 8?
-323276
2676a1 (base 15) to base 5
433111001
-122201202121 (base 3) to base 7
-2652355
11010011110101110111 (base 2) to base 8
3236567
What is -1116200 (base 7) in base 11?
-95496
Convert 294157 (base 12) to base 15.
d9ce1
10110011000100010010 (base 2) to base 11
461070
-a112 (base 16) to base 15
-c33e
What is -1264252 (base 9) in base 10?
-692030
What is 2e779 (base 15) in base 8?
445255
5767597 (base 10) to base 14
aa1c73
-342537 (base 12) to base 14
-179b51
Convert -1066764 (base 8) to base 10.
-290292
-14db7 (base 16) to base 12
-41533
Convert -4410323 (base 5) to base 4.
-102133001
Convert 6633136 (base 10) to base 3.
110110222221201
1b4a (base 16) to base 9
10522
2450417 (base 9) to base 16
1453ff
What is -13035107 (base 8) in base 15?
-3c3c38
What is 1a6937 (base 16) in base 14?
330ad9
Convert -26d61 (base 15) to base 6.
-2400244
What is 124a93 (base 12) in base 6?
10223103
Convert 1579aa (base 12) to base 13.
ca7b6
What is 1013213110 (base 4) in base 8?
1074724
-1420621 (base 7) to base 3
-100122121121
What is 2996538 (base 10) in base 13?
80bbcc
What is 103163b (base 12) in base 7?
34634360
-3716434 (base 8) to base 10
-1023260
Convert 3004103223 (base 5) to base 11.
3387962
What is 13217 (base 11) in base 5?
1101034
Convert -124432433 (base 5) to base 12.
-26121a
-11112010220 (base 3) to base 8
-255723
Convert -303330013 (base 4) to base 6.
-4320531
-10001000111011111001 (base 2) to base 12
-230709
2835138 (base 9) to base 3
2221012011022
Convert -a54d9 (base 15) to base 10.
-524229
What is -1271907 (base 11) in base 12?
-8a03a9
3306a20 (base 12) to base 14
140ccc0
What is -61624201 (base 7) in base 13?
-10bb524
Convert -4045601 (base 8) to base 12.
-436001
What is -10111001001101011101100 (base 2) in base 3?
-102102100001202
Convert -101110223210 (base 4) to base 3.
-22112201021222
What is -3242423 (base 5) in base 13?
-1c63a
Convert 25b74 (base 14) to base 9.
151272
What is 986e2 (base 15) in base 13?
13c502
-4929000 (base 11) to base 10
-8576964
Convert 84027 (base 10) to base 15.
19d6c
What is 2506b (base 12) in base 11?
34792
What is 1416376 (base 9) in base 13?
2136a2
Convert -a6797 (base 12) to base 8.
-653343
31244412 (base 5) to base 3
111011202211
Convert -161230634 (base 7) to base 15.
-e4932e
Convert 1070277 (base 10) to base 4.
10011103011
What is 13032306 (base 7) in base 11?
739a58
Convert -1013413 (base 5) to base 4.
-10011131
-b740f (base 16) to base 3
-1102010122021
10010110101111000111101 (base 2) to base 15
678785
-110100010010000000100 (base 2) to base 15
-23c906
-2a2785a (base 11) to base 15
-6c8b29
What is 234338 (base 9) in base 4?
202122233
82073 (base 9) to base 13
1b77a
-1005066 (base 15) to base 4
-223201003230
What is 33755 (base 12) in base 14?
1ad45
Convert -701701 (base 9) to base 8.
-1451660
What is -101110100010010100 (base 2) in base 15?
-3b727
Convert -10021020001221 (base 3) to base 15.
-2447da
What is -98bb6 (base 14) in base 5?
-43320022
-481906 (base 11) to base 5
-143420013